er?
True
Let g = 156 + -105. Is g a prime number?
False
Is (-19936)/(-40) - (-6)/10 composite?
False
Let l(s) = -12*s**3 - s**2 + s + 2. Let o be l(-1). Is -4*o/(-16) - -386 a composite number?
False
Suppose -b - 3*b - 376 = -2*a, 3*b = 2*a - 371. Is a prime?
False
Suppose v = -0*v + 7. Let b = v - 3. Suppose -b*m + 248 = -84. Is m a composite number?
False
Suppose -2*y + 294 = -320. Is y prime?
True
Let y(c) = -24*c - 13. Let h(r) = 16*r + 9. Let v(n) = -8*h(n) - 5*y(n). Is v(-7) a composite number?
True
Let m(i) = -i - 18. Let r be m(-13). Let a(s) be the third derivative of s**6/120 + s**5/12 - s**4/24 + 5*s**3/6 + s**2. Is a(r) a prime number?
False
Let l = 1389 - 470. Is l a prime number?
True
Let o be (6/(-4))/(3/(-8)). Suppose -32 = o*j + 2*n, 0 = -n - 2*n. Let f(l) = -l**3 - 7*l**2 + 5*l + 7. Is f(j) a prime number?
True
Suppose 3*i - 5*g - 25 = -0*g, -i + g + 5 = 0. Let y = 7 - i. Is y a composite number?
False
Let w be (1 - 0 - 1) + -6. Suppose 2*a + 2*a - 508 = 0. Is a*2*(-3)/w composite?
False
Suppose 0 = -0*x - x + 211. Is x a prime number?
True
Let n(d) = 13*d**2 + 16*d - 6. Is n(-7) composite?
True
Let j = -3042 - -4925. Is j a prime number?
False
Suppose 35 = 2*q + 91. Let b = q - -105. Is b a prime number?
False
Suppose -3*d + 10 = 2*d. Suppose d*r + 261 - 967 = 0. Is r prime?
True
Let a be -78*(5/(-2) + 2). Is (-28)/1*a/(-12) a prime number?
False
Let q(l) = -4*l + 4*l - 2*l**3 + 1 - l**2 - 3*l**3. Is q(-2) composite?
False
Let w(g) = -g**3 + 5*g**2 + 9*g - 9. Is w(6) a prime number?
False
Is 157/(((-3)/2)/((-3)/1)) a prime number?
False
Suppose -41 = -5*i + 19. Let p = i + -8. Suppose b = p*b - 39. Is b composite?
False
Suppose -2*c - 21 = -5*u, 4*c - 44 + 16 = -4*u. Suppose u*l - 70 = 10. Let t = -5 + l. Is t composite?
False
Let f = 117 - -517. Is f composite?
True
Let s(d) be the third derivative of d**4/6 - 3*d**3/2 + 2*d**2. Let i be s(6). Is (-5)/(i/(-96)) - -2 composite?
True
Let m(n) = n**2 + 5*n + 3. Let k be m(-5). Suppose -k*p - 17 = z, -3 = -2*p + 2*z - 1. Is p/2 - 230/(-2) prime?
True
Suppose -112*t + 111*t = -4597. Is t a composite number?
False
Suppose 2*t + 357 = 5*t. Is t a composite number?
True
Suppose 324 - 2474 = -5*x + 3*d, 3*x = 2*d + 1291. Is x prime?
False
Let b(z) = -10*z**3 + z**2 + 1. Is b(-2) a composite number?
True
Suppose 152 = -4*k + 588. Is k a composite number?
False
Suppose -5 = 5*v - 175. Let s be (19 - 0/(-2)) + 0. Let i = v - s. Is i a composite number?
True
Let l(b) = -b**3 + 18*b**2 + 6*b + 19. Is l(14) a prime number?
True
Let f(u) = -19*u + 4. Let c be f(-7). Let l = c - 78. Is l a composite number?
False
Suppose -5*f - 532 = 4*p, -f - 2*p - 3*p - 119 = 0. Is (-8)/4 - -1 - f composite?
False
Let f = 32 + -20. Suppose -4*s + f = u, 12 = 3*u + 2*s + 2*s. Suppose u = 2*c + 8, -6 + 16 = -d - 5*c. Is d composite?
True
Let p = -578 - -404. Let d = -97 - p. Is d a prime number?
False
Let f(c) be the third derivative of -c**6/120 + 7*c**5/30 - 13*c**4/24 + 19*c**3/6 + 3*c**2. Is f(13) a composite number?
False
Let i(r) = r**3 + 20*r**2 - 16*r - 26. Is i(-15) a prime number?
False
Let i = -13 + 14. Suppose 317 = 2*h + i. Is h a composite number?
True
Suppose -3*s - 4231 = -7*y + 3*y, -y = 4*s - 1053. Is y prime?
False
Suppose -3*x + 9*u - 4 = 4*u, u = 3*x + 20. Let k = x + 5. Let l = 13 + k. Is l prime?
False
Let w(l) = -l**3 + 6*l**2 + l - 1. Let o be w(6). Suppose -563 - 2 = -o*z. Is z prime?
True
Suppose -3*k - l = -43, 2*k - k - 11 = 3*l. Suppose 3*c = 4*c + 1. Let h = k + c. Is h a prime number?
True
Let s(m) = 20*m + 1. Let z(x) = -21*x. Let l(u) = -4*s(u) - 5*z(u). Is l(3) prime?
True
Suppose m - 2 = 3*m. Let y be 33 - (3 + m)*1. Suppose -31 = -2*t + y. Is t composite?
False
Is 10/(-45) + (-857)/(-9) composite?
True
Suppose 3*v - 2*v - 5*l = -15, 3 = v + l. Suppose 4*r - r = v. Is (-174)/(-3) - (r - -1) a composite number?
True
Let u = -3 + -1. Let k = u + 7. Suppose -7*h + 50 = -2*h - k*j, 0 = -2*h + j + 21. Is h a prime number?
True
Is ((-4810)/(-20))/(1/2) prime?
False
Let p = -3712 + 5615. Is p composite?
True
Suppose 0*l = 2*l - 4. Let d be (3/3)/l*0. Let x = d - -3. Is x prime?
True
Suppose 0*g = 3*g - 15. Is 35 + g + 6/(-2) composite?
False
Let h = 436 + -249. Is h a composite number?
True
Suppose 0 = -r + 4*u + 321, 3*u = -2*r + r + 300. Suppose 5*b = p - 23 + r, 3*p + 288 = 5*b. Is b a prime number?
False
Suppose -4*u + 5 = -103. Let w be (-1 - 1)*u/18. Is w*(246/(-9) + 1) a prime number?
True
Let x = 6 + 2. Let q(o) = -2 - o**3 + 10*o**2 - 1 - 10*o - x + 2*o**3. Is q(-10) composite?
False
Suppose 3*a = -2*a + 450. Suppose -g = n - a, 5*n - 358 - 71 = 2*g. Is n prime?
False
Let g be (6/8)/((-4)/(-416)). Let z = 36 + -13. Let u = g - z. Is u a composite number?
True
Let q(m) = -5*m + 6. Let a(u) = -5*u + 5. Let s(l) = 3*a(l) - 4*q(l). Is s(8) prime?
True
Let q(y) be the first derivative of -y**4/4 - 2*y**3 + 7*y - 2. Let s be q(-6). Is 625/s + 4/(-14) a prime number?
True
Suppose -452 = -6*y + 2*y. Is y a prime number?
True
Let n(i) = -i**2 + 4*i + 3. Let k(t) = t**3 + 5*t**2 + 4*t + 4. Let v be k(-4). Is n(v) prime?
True
Let t = -283 - -614. Is t prime?
True
Is (-4)/(-2) - 1691/(-1) prime?
True
Let c(m) = 7*m**3 - 2*m**2 - 3*m - 1. Is c(3) a composite number?
True
Let j(h) = h**3 + h**2 - h - 1. Let t(p) = 3*p**3 - 4*p**2 + 3*p. Let w(x) = 2*j(x) - t(x). Is w(4) a prime number?
False
Suppose -23432 = -13*d - 2151. Is d a prime number?
True
Suppose w - 1 = 3. Is (-456)/(-21) - w/(-14) prime?
False
Is (-1755)/(-3 - 2) + 2 prime?
True
Is ((-6)/14 + 4015/(-154))*-2 prime?
True
Let d(p) = -3*p**2 + p - 1. Let n be d(5). Is (-8 + n)/((-2)/14) prime?
False
Let o = 1094 + -771. Is o composite?
True
Let n(i) = 21*i - 2. Let l(f) = 22*f - 3. Let p(q) = -5*l(q) + 6*n(q). Suppose -6 = -2*g - 4*t + 16, -19 = -2*g - 3*t. Is p(g) a composite number?
False
Let u(m) = 11*m**3 + 5*m**2 - m - 4. Is u(3) a prime number?
False
Let i = 18 + 33. Let x = -14 + i. Is x composite?
False
Suppose -91 = -3*a + 698. Is a prime?
True
Let a(h) = -3*h**3 + h. Let s be a(1). Let q = s + 1. Is 5 - -4 - 2/q composite?
False
Let y(q) = -q**2 + 12*q + 16. Is y(9) a prime number?
True
Let r(v) be the third derivative of v**6/240 - v**5/15 + v**4/8 - v**2. Let q(s) be the second derivative of r(s). Is q(7) composite?
False
Is -1814*(-1 + 0)/(-4)*-2 prime?
True
Let d be (220/(-6))/((-6)/36). Suppose -a = -5*a + d. Is a a composite number?
True
Suppose 345 = 4*x - q - 583, 8 = 2*q. Suppose 4*c + 3*b - x = 0, -4*c - 2*b + 7*b + 241 = 0. Is c a prime number?
True
Let s(p) = -p**3 + 7*p**2 - 5*p - 6. Let b be s(6). Suppose -4*r - 5 + 1 = b. Is (3 + r)*15/2 a prime number?
False
Is -3*-745*(-2)/(-6) a prime number?
False
Let b be 508/5 - (-4)/10. Let l = -44 + b. Suppose -4*u + 2*u - 32 = -2*n, -u = -4*n + l. Is n a composite number?
True
Suppose 3*q + 2719 + 546 = b, 4*b + 3*q - 13030 = 0. Is b a composite number?
False
Let n be (6 + 0)/(-3) + 7. Suppose n - 1 = j. Suppose 5*i + j - 39 = 0. Is i a composite number?
False
Let v(g) = 62*g**2 - 7*g - 22. Is v(-3) a prime number?
True
Let w(q) = -15*q - 8. Let y(r) = 14*r + 7. Let i(g) = 6*w(g) + 7*y(g). Is i(1) prime?
False
Suppose -3*k = 4*n + n - 22, 3*n + 5*k - 10 = 0. Suppose -27 = -u - n*i, 0 = 3*u - 5*u + 4*i + 110. Is u a composite number?
False
Let q(f) = -3*f**3 + 2*f**2 + 6*f - 4. Let h(o) = o - 18. Let c be h(13). Is q(c) composite?
True
Let r(l) = 19*l + 4. Let p(o) = -38*o - 9. Let x(m) = 2*p(m) + 5*r(m). Is x(1) a composite number?
True
Suppose 4*d = l + 4, -d + 2*l - 14 = -4*d. Suppose f + d*f = 9. Is f prime?
True
Let u be (-27)/(-6) + 2/4. Suppose -1 + 13 = 2*m + 5*z, u*z + 10 = 0. Suppose -2*q = -35 - m. Is q prime?
True
Suppose 3*y = 855 + 168. Is y prime?
False
Suppose -2*z - 1319 = -5*b, -2*z + 7*z + 1325 = 5*b. Is b composite?
False
Let u = 1147 + -740. Is u a composite number?
True
Is (-5)/(-5) + 1 - -789 composite?
True
Let l = -2 + 5. Suppose 15 = l*y - 30. Is y a composite number?
True
Suppose 10 = -2*u - 4. Let d(v) = 3*v**2 + 10*v. Is d(u) a composite number?
True
Is ((-1)/1)/(2/(-74)) prime?
True
Suppose 5*c - 742 - 1273 = 0. Is c prime?
False
Let i(b) = -2*b - 12. Let f be i(-8). Suppose f*t + 3*x - 635 = -0*t, 2*t = -2*x + 316. Suppose 4